, 13, 47
List the prime factors of 792.
2, 3, 11
List the prime factors of 2536.
2, 317
List the prime factors of 915.
3, 5, 61
What are the prime factors of 3084?
2, 3, 257
What are the prime factors of 16429?
7, 2347
What are the prime factors of 101093?
43, 2351
List the prime factors of 46740.
2, 3, 5, 19, 41
What are the prime factors of 125813?
125813
List the prime factors of 98569.
241, 409
What are the prime factors of 3310?
2, 5, 331
List the prime factors of 13567.
13567
What are the prime factors of 6911?
6911
What are the prime factors of 132?
2, 3, 11
What are the prime factors of 218?
2, 109
What are the prime factors of 12871?
61, 211
List the prime factors of 46816.
2, 7, 11, 19
List the prime factors of 750.
2, 3, 5
What are the prime factors of 2167?
11, 197
List the prime factors of 36508.
2, 9127
List the prime factors of 98756.
2, 7, 3527
What are the prime factors of 54082?
2, 7, 3863
What are the prime factors of 1008?
2, 3, 7
List the prime factors of 1781.
13, 137
List the prime factors of 14338.
2, 67, 107
What are the prime factors of 43505?
5, 7, 11, 113
List the prime factors of 10469.
19, 29
List the prime factors of 10345.
5, 2069
What are the prime factors of 13940?
2, 5, 17, 41
List the prime factors of 2116.
2, 23
What are the prime factors of 57312?
2, 3, 199
List the prime factors of 23044.
2, 7, 823
List the prime factors of 123541.
11, 1021
What are the prime factors of 41556?
2, 3, 3463
What are the prime factors of 1900?
2, 5, 19
What are the prime factors of 8345?
5, 1669
List the prime factors of 70065.
3, 5, 173
What are the prime factors of 38640?
2, 3, 5, 7, 23
What are the prime factors of 893?
19, 47
List the prime factors of 12535.
5, 23, 109
List the prime factors of 2606.
2, 1303
What are the prime factors of 921?
3, 307
What are the prime factors of 1062?
2, 3, 59
What are the prime factors of 4642?
2, 11, 211
List the prime factors of 32072.
2, 19, 211
List the prime factors of 5754.
2, 3, 7, 137
List the prime factors of 35060.
2, 5, 1753
What are the prime factors of 285?
3, 5, 19
What are the prime factors of 2526?
2, 3, 421
List the prime factors of 72817.
72817
What are the prime factors of 59537?
29, 2053
List the prime factors of 15355.
5, 37, 83
List the prime factors of 28713.
3, 17, 563
What are the prime factors of 734?
2, 367
What are the prime factors of 1573?
11, 13
What are the prime factors of 20642?
2, 10321
What are the prime factors of 2358?
2, 3, 131
What are the prime factors of 103271?
7, 14753
What are the prime factors of 2331?
3, 7, 37
What are the prime factors of 98815?
5, 19763
List the prime factors of 36299.
36299
List the prime factors of 919.
919
What are the prime factors of 395?
5, 79
What are the prime factors of 143531?
17, 8443
List the prime factors of 2695.
5, 7, 11
What are the prime factors of 7585?
5, 37, 41
What are the prime factors of 30216?
2, 3, 1259
List the prime factors of 1859.
11, 13
List the prime factors of 76536.
2, 3, 1063
List the prime factors of 1723.
1723
What are the prime factors of 1294?
2, 647
What are the prime factors of 465?
3, 5, 31
List the prime factors of 556.
2, 139
What are the prime factors of 17402?
2, 7, 11, 113
What are the prime factors of 3296?
2, 103
List the prime factors of 356.
2, 89
What are the prime factors of 18604?
2, 4651
List the prime factors of 18455.
5, 3691
What are the prime factors of 42348?
2, 3, 3529
What are the prime factors of 33220?
2, 5, 11, 151
List the prime factors of 2239.
2239
List the prime factors of 113401.
151, 751
What are the prime factors of 1547?
7, 13, 17
List the prime factors of 5419.
5419
List the prime factors of 6465.
3, 5, 431
What are the prime factors of 30700?
2, 5, 307
What are the prime factors of 21879?
3, 11, 13, 17
List the prime factors of 186069.
3, 13, 367
List the prime factors of 108125.
5, 173
List the prime factors of 1136.
2, 71
List the prime factors of 14720.
2, 5, 23
What are the prime factors of 981?
3, 109
List the prime factors of 15513.
3, 5171
List the prime factors of 100822.
2, 50411
List the prime factors of 8193.
3, 2731
What are the prime factors of 650?
2, 5, 13
List the prime factors of 16949.
17, 997
What are the prime factors of 1975?
5, 79
List the prime factors of 3393.
3, 13, 29
What are the prime factors of 8570?
2, 5, 857
List the prime factors of 6674.
2, 47, 71
List the prime factors of 1842.
2, 3, 307
List the prime factors of 9984.
2, 3, 13
What are the prime factors of 827?
827
What are the prime factors of 11033?
11, 17, 59
List the prime factors of 18459.
3, 7, 293
What are the prime factors of 324?
2, 3
What are the prime factors of 1154?
2, 577
What are the prime factors of 1100?
2, 5, 11
What are the prime factors of 477?
3, 53
List the prime factors of 589.
19, 31
What are the prime factors of 1881?
3, 11, 19
What are the prime factors of 126495?
3, 5, 937
What are the prime factors of 2364?
2, 3, 197
List the prime factors of 19.
19
List the prime factors of 574.
2, 7, 41
What are the prime factors of 787?
787
What are the prime factors of 790?
2, 5, 79
What are the prime factors of 1953?
3, 7, 31
List the prime factors of 16561.
16561
What are the prime factors of 1524?
2, 3, 127
What are the prime factors of 9288?
2, 3, 43
What are the prime factors of 5514?
2, 3, 919
What are the prime factors of 949?
13, 73
List the prime factors of 4113.
3, 457
What are the prime factors of 16495?
5, 3299
What are the prime factors of 61529?
13, 4733
What are the prime factors of 17790?
2, 3, 5, 593
What are the prime factors of 1079?
13, 83
What are the prime factors of 279?
3, 31
What are the prime factors of 87319?
29, 3011
List the prime factors of 933.
3, 311
What are the prime factors of 3112?
2, 389
List the prime factors of 8585.
5, 17, 101
What are the prime factors of 86422?
2, 7, 6173
List the prime factors of 104.
2, 13
What are the prime factors of 273?
3, 7, 13
List the prime factors of 182160.
2, 3, 5, 11, 23
List the prime factors of 65884.
2, 7, 13, 181
List the prime factors of 712.
2, 89
What are the prime factors of 18381?
3, 11, 557
What are the prime factors of 61202?
2, 71, 431
What are the prime factors of 2260?
2, 5, 113
What are the prime factors of 162?
2, 3
What are the prime factors of 10797?
3, 59, 61
List the prime factors of 876.
2, 3, 73
List the prime factors of 47338.
2, 23669
What are the prime factors of 17606?
2, 8803
What are the prime factors of 621?
3, 23
What are the prime factors of 10154?
2, 5077
List the prime factors of 218.
2, 109
List the prime factors of 1242.
2, 3, 23
What are the prime factors of 2207?
2207
What are the prime factors of 72594?
2, 3, 37, 109
What are the prime factors of 35541?
3, 11, 359
List the prime factors of 769.
769
List the prime factors of 932.
2, 233
List the prime factors of 20296.
2, 43, 59
What are the prime factors of 14260?
2, 5, 23, 31
List the prime factors of 18935.
5, 7, 541
What are the prime factors of 743?
743
List the prime factors of 6.
2, 3
List the prime factors of 585.
3, 5, 13
What are the prime factors of 47871?
3, 197
What are the prime factors of 12858?
2, 3, 2143
What are the prime factors of 5361?
3, 1787
What are the prime factors of 2776?
2, 347
List the prime factors of 361.
19
What are the prime factors of 2548?
2, 7, 13
List the prime factors of 98253.
3, 1213
List the prime factors of 9149.
7, 1307
List the prime factors of 1131.
3, 13, 29
List the prime factors of 423.
3, 47
What are the prime factors of 1932?
2, 3, 7, 23
What are the prime factors of 449?
449
What are the prime factors of 2393?
2393
What are the prime factors of 895?
5, 179
What are the prime factors of 8387?
8387
What are the prime factors of 697?
17, 41
List the prime factors of 1528.
2, 191
What are the prime factors of 68982?
2, 3, 11497
List the prime factors of 445.
5, 89
List the prime factors of 252.
2, 3, 7
List the prime factors of 35515.
5, 7103
List the prime factors of 17740.
2, 5, 887
List the prime factors of 485.
5, 97
List the prime factors of 7835.
5, 1567
What are the prime factors of 4742?
2, 2371
List the prime factors of 903.
3, 7, 43
List the prime factors of 1305.
3, 5, 29
List the prime factors of 15014.
2, 7507
What are the prime 